{"id":71,"date":"2023-03-10T11:33:40","date_gmt":"2023-03-10T10:33:40","guid":{"rendered":"https:\/\/wordpress-1074717-3818660.cloudwaysapps.com\/?page_id=71"},"modified":"2024-10-03T09:19:05","modified_gmt":"2024-10-03T08:19:05","slug":"fori-imperiali","status":"publish","type":"page","link":"https:\/\/colosseo-roma.it\/es\/atracciones-roma\/foros-imperiales\/","title":{"rendered":"Foros Imperiales"},"content":{"rendered":"<div data-elementor-type=\"wp-page\" data-elementor-id=\"71\" class=\"elementor elementor-71\" data-elementor-post-type=\"page\">\n\t\t\t\t\t\t<section class=\"elementor-section elementor-top-section elementor-element elementor-element-102e3b5 elementor-section-boxed elementor-section-height-default elementor-section-height-default\" data-id=\"102e3b5\" data-element_type=\"section\" data-e-type=\"section\" data-settings=\"{&quot;jet_parallax_layout_list&quot;:[],&quot;ekit_has_onepagescroll_dot&quot;:&quot;yes&quot;}\">\n\t\t\t\t\t\t<div class=\"elementor-container elementor-column-gap-default\">\n\t\t\t\t\t<div class=\"elementor-column elementor-col-100 elementor-top-column elementor-element elementor-element-28b8b1b\" data-id=\"28b8b1b\" data-element_type=\"column\" data-e-type=\"column\" data-settings=\"{&quot;background_background&quot;:&quot;classic&quot;}\">\n\t\t\t<div class=\"elementor-widget-wrap elementor-element-populated\">\n\t\t\t\t\t\t<div class=\"elementor-element elementor-element-ae20f72 elementor-widget elementor-widget-heading\" data-id=\"ae20f72\" data-element_type=\"widget\" data-e-type=\"widget\" data-settings=\"{&quot;ekit_we_effect_on&quot;:&quot;none&quot;}\" data-widget_type=\"heading.default\">\n\t\t\t\t<div class=\"elementor-widget-container\">\n\t\t\t\t\t<h1 class=\"elementor-heading-title elementor-size-default\">Foros Imperiales<\/h1>\t\t\t\t<\/div>\n\t\t\t\t<\/div>\n\t\t\t\t<div class=\"elementor-element elementor-element-58ed21b elementor-widget elementor-widget-heading\" data-id=\"58ed21b\" data-element_type=\"widget\" data-e-type=\"widget\" data-settings=\"{&quot;ekit_we_effect_on&quot;:&quot;none&quot;}\" data-widget_type=\"heading.default\">\n\t\t\t\t<div class=\"elementor-widget-container\">\n\t\t\t\t\t<div class=\"elementor-heading-title elementor-size-default\">Foros Imperiales. Plazas monumentales construidas por los emperadores en el centro de la ciudad de Roma.<\/div>\t\t\t\t<\/div>\n\t\t\t\t<\/div>\n\t\t\t\t<div class=\"elementor-element elementor-element-cf9078d elementor-widget elementor-widget-jet-unfold\" data-id=\"cf9078d\" data-element_type=\"widget\" data-e-type=\"widget\" data-settings=\"{&quot;mask_height&quot;:{&quot;unit&quot;:&quot;px&quot;,&quot;size&quot;:57,&quot;sizes&quot;:[]},&quot;mask_height_tablet&quot;:{&quot;unit&quot;:&quot;px&quot;,&quot;size&quot;:53,&quot;sizes&quot;:[]},&quot;mask_height_mobile&quot;:{&quot;unit&quot;:&quot;px&quot;,&quot;size&quot;:100,&quot;sizes&quot;:[]},&quot;unfold_duration&quot;:{&quot;unit&quot;:&quot;ms&quot;,&quot;size&quot;:500,&quot;sizes&quot;:[]},&quot;unfold_easing&quot;:&quot;easeOutBack&quot;,&quot;fold_duration&quot;:{&quot;unit&quot;:&quot;ms&quot;,&quot;size&quot;:300,&quot;sizes&quot;:[]},&quot;fold_easing&quot;:&quot;easeOutSine&quot;,&quot;ekit_we_effect_on&quot;:&quot;none&quot;}\" data-widget_type=\"jet-unfold.default\">\n\t\t\t\t<div class=\"elementor-widget-container\">\n\t\t\t\t\t\t\t<div class=\"jet-unfold\" data-settings=\"{&quot;height&quot;:{&quot;size&quot;:57,&quot;unit&quot;:&quot;px&quot;},&quot;separatorHeight&quot;:{&quot;unit&quot;:&quot;px&quot;,&quot;size&quot;:&quot;&quot;,&quot;sizes&quot;:[]},&quot;heightControlType&quot;:&quot;height&quot;,&quot;wordCount&quot;:20,&quot;unfoldDuration&quot;:{&quot;unit&quot;:&quot;ms&quot;,&quot;size&quot;:500,&quot;sizes&quot;:[]},&quot;foldDuration&quot;:{&quot;unit&quot;:&quot;ms&quot;,&quot;size&quot;:300,&quot;sizes&quot;:[]},&quot;unfoldEasing&quot;:&quot;easeOutBack&quot;,&quot;foldEasing&quot;:&quot;easeOutSine&quot;,&quot;foldScrolling&quot;:&quot;false&quot;,&quot;hideOutsideClick&quot;:&quot;false&quot;,&quot;autoHide&quot;:&quot;false&quot;,&quot;autoHideTime&quot;:&quot;&quot;,&quot;foldScrollOffset&quot;:&quot;&quot;,&quot;separatorType&quot;:&quot;div&quot;,&quot;unfoldText&quot;:&quot;Mostra di pi\\u00f9&quot;,&quot;foldText&quot;:&quot;Mostra meno&quot;,&quot;unfoldIcon&quot;:&quot;&lt;i aria-hidden=\\&quot;true\\&quot; class=\\&quot;fas fa-chevron-down\\&quot;&gt;&lt;\\\/i&gt;&quot;,&quot;foldIcon&quot;:&quot;&lt;i aria-hidden=\\&quot;true\\&quot; class=\\&quot;fas fa-chevron-up\\&quot;&gt;&lt;\\\/i&gt;&quot;}\">\n\t\t\t<div class=\"jet-unfold__inner\">\n\t\t\t\t<div class=\"jet-unfold__mask\" style=\"height:57px\">\n\t\t\t\t\t<div class=\"jet-unfold__content\">\n\t\t\t\t\t\t<div class=\"jet-unfold__content-inner elementor-text-editor elementor-clearfix\"><p>Los Foros Romanos de la \u00e9poca imperial, plazas monumentales en el centro de la ciudad.<br \/>Los foros imperiales son un conjunto de plazas monumentales construidas por los emperadores a lo largo de unos 150 a\u00f1os (entre el 46 a.C. y el 113 d.C.).<\/p><\/div>\n\t\t\t\t\t<\/div>\n\t\t\t\t\t\t\t\t\t\t<div class=\"jet-unfold__separator\"><\/div>\n\t\t\t\t\t\t\t\t\t<\/div>\n\t\t\t\t<div class=\"jet-unfold__trigger\"><div class=\"jet-unfold__button elementor-button elementor-size-md\" href=\"#\" tabindex=\"0\" role=\"button\"><span class=\"jet-unfold__button-icon jet-tricks-icon\"><i aria-hidden=\"true\" class=\"fas fa-chevron-down\"><\/i><\/span><span class=\"jet-unfold__button-text\">Ver m\u00e1s<\/span><\/div>\t\t\t\t<\/div>\n\t\t\t<\/div>\n\t\t<\/div>\n\t\t\t\t\t\t<\/div>\n\t\t\t\t<\/div>\n\t\t\t\t<section class=\"elementor-section elementor-inner-section elementor-element elementor-element-c170afc elementor-section-height-min-height elementor-section-boxed elementor-section-height-default\" data-id=\"c170afc\" data-element_type=\"section\" data-e-type=\"section\" data-settings=\"{&quot;jet_parallax_layout_list&quot;:[],&quot;background_background&quot;:&quot;classic&quot;,&quot;ekit_has_onepagescroll_dot&quot;:&quot;yes&quot;}\">\n\t\t\t\t\t\t<div class=\"elementor-container elementor-column-gap-default\">\n\t\t\t\t\t<div class=\"elementor-column elementor-col-100 elementor-inner-column elementor-element elementor-element-109d3f3\" data-id=\"109d3f3\" data-element_type=\"column\" data-e-type=\"column\" data-settings=\"{&quot;background_background&quot;:&quot;classic&quot;}\">\n\t\t\t<div class=\"elementor-widget-wrap\">\n\t\t\t\t\t\t\t<\/div>\n\t\t<\/div>\n\t\t\t\t\t<\/div>\n\t\t<\/section>\n\t\t\t\t<div class=\"elementor-element elementor-element-7819275 elementor-widget elementor-widget-text-editor\" data-id=\"7819275\" data-element_type=\"widget\" data-e-type=\"widget\" data-settings=\"{&quot;ekit_we_effect_on&quot;:&quot;none&quot;}\" data-widget_type=\"text-editor.default\">\n\t\t\t\t<div class=\"elementor-widget-container\">\n\t\t\t\t\t\t\t\t\t<p>En el centro de la ciudad romana.<\/p><p>Estas plazas se utilizaban para actividades administrativas y ceremonias, se consideraban espacios festivos y ceremoniales adecuados a la realidad imperial.<\/p><p>El foro romano (la antigua plaza republicana), por su parte, se remonta a la \u00e9poca de los reyes (siglo VI a.C.) y fue considerado el centro pol\u00edtico, econ\u00f3mico y religioso de Roma durante siglos.<\/p><p>La arquitectura imperial alcanz\u00f3 cotas muy altas con la construcci\u00f3n de estos extraordinarios complejos monumentales, especialmente por la riqueza del aparato decorativo y escult\u00f3rico.<\/p><p>Visitar los foros romanos puede ser una experiencia \u00fanica y fascinante. Atravesarlos, caminar entre las ruinas, admirar lo que ha permanecido intacto durante siglos puede envolver a cada persona en una atm\u00f3sfera especial y \u00fanica.<\/p><p>Los Foros Romanos se inauguraron en las siguientes fechas:<\/p><ul><li>Foro de C\u00e9sar (46 a.C.)<\/li><li>Foro de Augusto (2 a.C.)<\/li><li>Templo de la Paz (75 d.C.)<\/li><li>Foro de Nerva (98 d.C.)<\/li><li>Foro de Trajano (112 y 113 d.C.)<\/li><\/ul>\t\t\t\t\t\t\t\t<\/div>\n\t\t\t\t<\/div>\n\t\t\t\t\t<\/div>\n\t\t<\/div>\n\t\t\t\t\t<\/div>\n\t\t<\/section>\n\t\t\t\t<\/div>","protected":false},"excerpt":{"rendered":"<p>Fori Imperiali Fori imperiali. Monumentali piazze edificate dagli imperatori nel centro della citt\u00e0 di Roma I fori romani dell\u2019et\u00e0 imperiale, monumentali piazze al centro della citt\u00e0.I fori imperiali costituiscono un insieme di monumentali piazze edificate, dagli imperatori, in un periodo di circa 150 anni (tra il 46 a.C. E il 113 d.C.) Mostra di pi\u00f9 [&hellip;]<\/p>","protected":false},"author":4,"featured_media":0,"parent":558,"menu_order":14,"comment_status":"closed","ping_status":"closed","template":"","meta":{"site-sidebar-layout":"no-sidebar","site-content-layout":"page-builder","ast-site-content-layout":"default","site-content-style":"default","site-sidebar-style":"default","ast-global-header-display":"","ast-banner-title-visibility":"","ast-main-header-display":"","ast-hfb-above-header-display":"","ast-hfb-below-header-display":"","ast-hfb-mobile-header-display":"","site-post-title":"disabled","ast-breadcrumbs-content":"","ast-featured-img":"disabled","footer-sml-layout":"","ast-disable-related-posts":"","theme-transparent-header-meta":"default","adv-header-id-meta":"","stick-header-meta":"","header-above-stick-meta":"","header-main-stick-meta":"","header-below-stick-meta":"","astra-migrate-meta-layouts":"default","ast-page-background-enabled":"default","ast-page-background-meta":{"desktop":{"background-color":"var(--ast-global-color-4)","background-image":"","background-repeat":"repeat","background-position":"center center","background-size":"auto","background-attachment":"scroll","background-type":"","background-media":"","overlay-type":"","overlay-color":"","overlay-opacity":"","overlay-gradient":""},"tablet":{"background-color":"","background-image":"","background-repeat":"repeat","background-position":"center center","background-size":"auto","background-attachment":"scroll","background-type":"","background-media":"","overlay-type":"","overlay-color":"","overlay-opacity":"","overlay-gradient":""},"mobile":{"background-color":"","background-image":"","background-repeat":"repeat","background-position":"center center","background-size":"auto","background-attachment":"scroll","background-type":"","background-media":"","overlay-type":"","overlay-color":"","overlay-opacity":"","overlay-gradient":""}},"ast-content-background-meta":{"desktop":{"background-color":"var(--ast-global-color-5)","background-image":"","background-repeat":"repeat","background-position":"center center","background-size":"auto","background-attachment":"scroll","background-type":"","background-media":"","overlay-type":"","overlay-color":"","overlay-opacity":"","overlay-gradient":""},"tablet":{"background-color":"var(--ast-global-color-5)","background-image":"","background-repeat":"repeat","background-position":"center center","background-size":"auto","background-attachment":"scroll","background-type":"","background-media":"","overlay-type":"","overlay-color":"","overlay-opacity":"","overlay-gradient":""},"mobile":{"background-color":"var(--ast-global-color-5)","background-image":"","background-repeat":"repeat","background-position":"center center","background-size":"auto","background-attachment":"scroll","background-type":"","background-media":"","overlay-type":"","overlay-color":"","overlay-opacity":"","overlay-gradient":""}},"footnotes":""},"class_list":["post-71","page","type-page","status-publish","hentry"],"_links":{"self":[{"href":"https:\/\/colosseo-roma.it\/es\/wp-json\/wp\/v2\/pages\/71","targetHints":{"allow":["GET"]}}],"collection":[{"href":"https:\/\/colosseo-roma.it\/es\/wp-json\/wp\/v2\/pages"}],"about":[{"href":"https:\/\/colosseo-roma.it\/es\/wp-json\/wp\/v2\/types\/page"}],"author":[{"embeddable":true,"href":"https:\/\/colosseo-roma.it\/es\/wp-json\/wp\/v2\/users\/4"}],"replies":[{"embeddable":true,"href":"https:\/\/colosseo-roma.it\/es\/wp-json\/wp\/v2\/comments?post=71"}],"version-history":[{"count":19,"href":"https:\/\/colosseo-roma.it\/es\/wp-json\/wp\/v2\/pages\/71\/revisions"}],"predecessor-version":[{"id":5912,"href":"https:\/\/colosseo-roma.it\/es\/wp-json\/wp\/v2\/pages\/71\/revisions\/5912"}],"up":[{"embeddable":true,"href":"https:\/\/colosseo-roma.it\/es\/wp-json\/wp\/v2\/pages\/558"}],"wp:attachment":[{"href":"https:\/\/colosseo-roma.it\/es\/wp-json\/wp\/v2\/media?parent=71"}],"curies":[{"name":"wp","href":"https:\/\/api.w.org\/{rel}","templated":true}]}}

<div data-elementor-type="wp-page" data-elementor-id="71" class="elementor elementor-71" data-elementor-post-type="page">
						<section class="elementor-section elementor-top-section elementor-element elementor-element-102e3b5 elementor-section-boxed elementor-section-height-default elementor-section-height-default" data-id="102e3b5" data-element_type="section" data-e-type="section" data-settings="{&quot;jet_parallax_layout_list&quot;:[],&quot;ekit_has_onepagescroll_dot&quot;:&quot;yes&quot;}">
						<div class="elementor-container elementor-column-gap-default">
					<div class="elementor-column elementor-col-100 elementor-top-column elementor-element elementor-element-28b8b1b" data-id="28b8b1b" data-element_type="column" data-e-type="column" data-settings="{&quot;background_background&quot;:&quot;classic&quot;}">
			<div class="elementor-widget-wrap elementor-element-populated">
						<div class="elementor-element elementor-element-ae20f72 elementor-widget elementor-widget-heading" data-id="ae20f72" data-element_type="widget" data-e-type="widget" data-settings="{&quot;ekit_we_effect_on&quot;:&quot;none&quot;}" data-widget_type="heading.default">
				<div class="elementor-widget-container">
					<h1 class="elementor-heading-title elementor-size-default">Foros Imperiales</h1>				</div>
				</div>
				<div class="elementor-element elementor-element-58ed21b elementor-widget elementor-widget-heading" data-id="58ed21b" data-element_type="widget" data-e-type="widget" data-settings="{&quot;ekit_we_effect_on&quot;:&quot;none&quot;}" data-widget_type="heading.default">
				<div class="elementor-widget-container">
					<div class="elementor-heading-title elementor-size-default">Foros Imperiales. Plazas monumentales construidas por los emperadores en el centro de la ciudad de Roma.</div>				</div>
				</div>
				<div class="elementor-element elementor-element-cf9078d elementor-widget elementor-widget-jet-unfold" data-id="cf9078d" data-element_type="widget" data-e-type="widget" data-settings="{&quot;mask_height&quot;:{&quot;unit&quot;:&quot;px&quot;,&quot;size&quot;:57,&quot;sizes&quot;:[]},&quot;mask_height_tablet&quot;:{&quot;unit&quot;:&quot;px&quot;,&quot;size&quot;:53,&quot;sizes&quot;:[]},&quot;mask_height_mobile&quot;:{&quot;unit&quot;:&quot;px&quot;,&quot;size&quot;:100,&quot;sizes&quot;:[]},&quot;unfold_duration&quot;:{&quot;unit&quot;:&quot;ms&quot;,&quot;size&quot;:500,&quot;sizes&quot;:[]},&quot;unfold_easing&quot;:&quot;easeOutBack&quot;,&quot;fold_duration&quot;:{&quot;unit&quot;:&quot;ms&quot;,&quot;size&quot;:300,&quot;sizes&quot;:[]},&quot;fold_easing&quot;:&quot;easeOutSine&quot;,&quot;ekit_we_effect_on&quot;:&quot;none&quot;}" data-widget_type="jet-unfold.default">
				<div class="elementor-widget-container">
							<div class="jet-unfold" data-settings="{&quot;height&quot;:{&quot;size&quot;:57,&quot;unit&quot;:&quot;px&quot;},&quot;separatorHeight&quot;:{&quot;unit&quot;:&quot;px&quot;,&quot;size&quot;:&quot;&quot;,&quot;sizes&quot;:[]},&quot;heightControlType&quot;:&quot;height&quot;,&quot;wordCount&quot;:20,&quot;unfoldDuration&quot;:{&quot;unit&quot;:&quot;ms&quot;,&quot;size&quot;:500,&quot;sizes&quot;:[]},&quot;foldDuration&quot;:{&quot;unit&quot;:&quot;ms&quot;,&quot;size&quot;:300,&quot;sizes&quot;:[]},&quot;unfoldEasing&quot;:&quot;easeOutBack&quot;,&quot;foldEasing&quot;:&quot;easeOutSine&quot;,&quot;foldScrolling&quot;:&quot;false&quot;,&quot;hideOutsideClick&quot;:&quot;false&quot;,&quot;autoHide&quot;:&quot;false&quot;,&quot;autoHideTime&quot;:&quot;&quot;,&quot;foldScrollOffset&quot;:&quot;&quot;,&quot;separatorType&quot;:&quot;div&quot;,&quot;unfoldText&quot;:&quot;Mostra di pi\u00f9&quot;,&quot;foldText&quot;:&quot;Mostra meno&quot;,&quot;unfoldIcon&quot;:&quot;&lt;i aria-hidden=\&quot;true\&quot; class=\&quot;fas fa-chevron-down\&quot;&gt;&lt;\/i&gt;&quot;,&quot;foldIcon&quot;:&quot;&lt;i aria-hidden=\&quot;true\&quot; class=\&quot;fas fa-chevron-up\&quot;&gt;&lt;\/i&gt;&quot;}">
			<div class="jet-unfold__inner">
				<div class="jet-unfold__mask" style="height:57px">
					<div class="jet-unfold__content">
						<div class="jet-unfold__content-inner elementor-text-editor elementor-clearfix"><p>Los Foros Romanos de la época imperial, plazas monumentales en el centro de la ciudad.<br />Los foros imperiales son un conjunto de plazas monumentales construidas por los emperadores a lo largo de unos 150 años (entre el 46 a.C. y el 113 d.C.).</p></div>
					</div>
										<div class="jet-unfold__separator"></div>
									</div>
				<div class="jet-unfold__trigger"><div class="jet-unfold__button elementor-button elementor-size-md" href="#" tabindex="0" role="button"><span class="jet-unfold__button-icon jet-tricks-icon"><i aria-hidden="true" class="fas fa-chevron-down"></i></span><span class="jet-unfold__button-text">Ver más</span></div>				</div>
			</div>
		</div>
						</div>
				</div>
				<section class="elementor-section elementor-inner-section elementor-element elementor-element-c170afc elementor-section-height-min-height elementor-section-boxed elementor-section-height-default" data-id="c170afc" data-element_type="section" data-e-type="section" data-settings="{&quot;jet_parallax_layout_list&quot;:[],&quot;background_background&quot;:&quot;classic&quot;,&quot;ekit_has_onepagescroll_dot&quot;:&quot;yes&quot;}">
						<div class="elementor-container elementor-column-gap-default">
					<div class="elementor-column elementor-col-100 elementor-inner-column elementor-element elementor-element-109d3f3" data-id="109d3f3" data-element_type="column" data-e-type="column" data-settings="{&quot;background_background&quot;:&quot;classic&quot;}">
			<div class="elementor-widget-wrap">
							</div>
		</div>
					</div>
		</section>
				<div class="elementor-element elementor-element-7819275 elementor-widget elementor-widget-text-editor" data-id="7819275" data-element_type="widget" data-e-type="widget" data-settings="{&quot;ekit_we_effect_on&quot;:&quot;none&quot;}" data-widget_type="text-editor.default">
				<div class="elementor-widget-container">
									<p>En el centro de la ciudad romana.</p><p>Estas plazas se utilizaban para actividades administrativas y ceremonias, se consideraban espacios festivos y ceremoniales adecuados a la realidad imperial.</p><p>El foro romano (la antigua plaza republicana), por su parte, se remonta a la época de los reyes (siglo VI a.C.) y fue considerado el centro político, económico y religioso de Roma durante siglos.</p><p>La arquitectura imperial alcanzó cotas muy altas con la construcción de estos extraordinarios complejos monumentales, especialmente por la riqueza del aparato decorativo y escultórico.</p><p>Visitar los foros romanos puede ser una experiencia única y fascinante. Atravesarlos, caminar entre las ruinas, admirar lo que ha permanecido intacto durante siglos puede envolver a cada persona en una atmósfera especial y única.</p><p>Los Foros Romanos se inauguraron en las siguientes fechas:</p><ul><li>Foro de César (46 a.C.)</li><li>Foro de Augusto (2 a.C.)</li><li>Templo de la Paz (75 d.C.)</li><li>Foro de Nerva (98 d.C.)</li><li>Foro de Trajano (112 y 113 d.C.)</li></ul>								</div>
				</div>
					</div>
		</div>
					</div>
		</section>
				</div>

<p>Fori Imperiali Fori imperiali. Monumentali piazze edificate dagli imperatori nel centro della città di Roma I fori romani dell’età imperiale, monumentali piazze al centro della città.I fori imperiali costituiscono un insieme di monumentali piazze edificate, dagli imperatori, in un periodo di circa 150 anni (tra il 46 a.C. E il 113 d.C.) Mostra di più [&hellip;]</p>
